{"id":2,"date":"2016-05-10T03:48:21","date_gmt":"2016-05-10T03:48:21","guid":{"rendered":"http:\/\/hoiz-ink.de\/?page_id=2"},"modified":"2025-01-04T17:40:17","modified_gmt":"2025-01-04T17:40:17","slug":"sample-page","status":"publish","type":"page","link":"https:\/\/hoiz-ink.de\/","title":{"rendered":"Herzlich Willkommen"},"content":{"rendered":"<p>auf meiner Seite Hoiz-Ink. Ich erstelle aus Holz diverse Geschenke f\u00fcr Geburtstag, Hochzeiten oder andere Anl\u00e4sse.<\/p>\n<p>Mit meinen Maschinen kann ich auf Holzbretter bis 80 cm Spr\u00fcche, Bilder etc. erstellen.<\/p>\n<p>Zudem biete ich Gravuren auf Schieferplatten an. Falls ich euer Interesse geweckt habe, einfach mal anfragen \ud83d\ude09<\/p>\n","protected":false},"excerpt":{"rendered":"<p>auf meiner Seite Hoiz-Ink. Ich erstelle aus Holz diverse Geschenke f\u00fcr Geburtstag, Hochzeiten oder andere Anl\u00e4sse. Mit meinen Maschinen kann ich auf Holzbretter bis 80 cm Spr\u00fcche, Bilder etc. erstellen. Zudem biete ich Gravuren auf Schieferplatten an. Falls ich euer Interesse geweckt habe, einfach mal anfragen \ud83d\ude09<\/p>\n","protected":false},"author":1,"featured_media":0,"parent":0,"menu_order":0,"comment_status":"closed","ping_status":"open","template":"","meta":{"footnotes":""},"class_list":["post-2","page","type-page","status-publish","hentry"],"_links":{"self":[{"href":"https:\/\/hoiz-ink.de\/index.php?rest_route=\/wp\/v2\/pages\/2","targetHints":{"allow":["GET"]}}],"collection":[{"href":"https:\/\/hoiz-ink.de\/index.php?rest_route=\/wp\/v2\/pages"}],"about":[{"href":"https:\/\/hoiz-ink.de\/index.php?rest_route=\/wp\/v2\/types\/page"}],"author":[{"embeddable":true,"href":"https:\/\/hoiz-ink.de\/index.php?rest_route=\/wp\/v2\/users\/1"}],"replies":[{"embeddable":true,"href":"https:\/\/hoiz-ink.de\/index.php?rest_route=%2Fwp%2Fv2%2Fcomments&post=2"}],"version-history":[{"count":4,"href":"https:\/\/hoiz-ink.de\/index.php?rest_route=\/wp\/v2\/pages\/2\/revisions"}],"predecessor-version":[{"id":52,"href":"https:\/\/hoiz-ink.de\/index.php?rest_route=\/wp\/v2\/pages\/2\/revisions\/52"}],"wp:attachment":[{"href":"https:\/\/hoiz-ink.de\/index.php?rest_route=%2Fwp%2Fv2%2Fmedia&parent=2"}],"curies":[{"name":"wp","href":"https:\/\/api.w.org\/{rel}","templated":true}]}}